hen d(v) is divided by 27.
25
Suppose -95 - 339 = -31*t. Calculate the remainder when 101 is divided by t.
3
Calculate the remainder when 333 is divided by (11580/27)/5 - (-6)/27.
75
Suppose 0 = -11*j + 7*j + 64. What is the remainder when 105 is divided by j?
9
Suppose -1584 - 2491 = 5*u - 4*z, 4*u + 4*z + 3260 = 0. Calculate the remainder when 44 is divided by 2/(-7) - u/35.
21
Suppose 85*j = 82*j + 105. Let h(w) = -w**3 + 6*w**2 - 6. Suppose 5*g - 5*v + 0 = 10, -g = 2*v - 11. Calculate the remainder when j is divided by h(g).
16
Let v(q) = 2*q + 2. Suppose 0*k - 2*k = 22. Let r be v(k). Let h = r - -36. Calculate the remainder when h is divided by 6.
4
Suppose 4 = 3*x + x. Let t(n) = 26*n**2 + 3*n - 1. Calculate the remainder when t(x) is divided by 15.
13
Let r = -1600 + 1631. Calculate the remainder when r is divided by 7.
3
Suppose n = 5*s + 32 - 0, 4*n - 5*s - 68 = 0. Let f(v) be the second derivative of -7*v**3/3 + v**2 - v. What is the remainder when f(-4) is divided by n?
10
Calculate the remainder when 12/(-9)*-5*210/28 is divided by 14.
8
Suppose -5*z - 3 = -208. Let j = -125 - -327. Calculate the remainder when j is divided by z.
38
Let n = -2408 - -2429. Calculate the remainder when 38 is divided by n.
17
Let m = -13 + 48. Calculate the remainder when 110 is divided by m.
5
Suppose -r = -4*z - 21, 79*z = 4*r + 82*z - 65. Let i = 45 - 12. What is the remainder when i is divided by r?
16
Suppose 0 = -5*r + 314 + 271. Suppose 5*j - o - 117 = 0, -3*o + 2*o + 27 = j. Let p = 0 + j. What is the remainder when r is divided by p?
21
Let o = 127 + 98. Calculate the remainder when o is divided by 76.
73
Suppose k - 4*c = 35, -104 = -21*k + 17*k + 4*c. What is the remainder when 658 is divided by k?
14
Let u(i) = i**3 - 12*i**2 + 23*i + 6. Let f be u(10). Suppose f + 14 = t + b, -155 = -4*t + 5*b. What is the remainder when t is divided by 19?
7
Let l(t) = 19 - 1275*t + 15 + 1278*t. Calculate the remainder when 49 is divided by l(-7).
10
Suppose -7*j + 128 = -6*j. What is the remainder when j is divided by 46?
36
Let k be (-2 + -1)/3 - -3. Suppose 2*d + k*d - 76 = 0. Let b = d - 0. Calculate the remainder when 54 is divided by b.
16
Let u = -1177 + 1256. Calculate the remainder when u is divided by 27.
25
Suppose -4*z + 101 = b, -10 = 2*z + 4*b - 64. Calculate the remainder when 32 is divided by z.
7
Let p(i) = i + 11. Let r be p(0). Let f = -17 - -23. Let n = f + r. Calculate the remainder when n is divided by 6.
5
Suppose 0 = 79*a - 3386 - 1117. Calculate the remainder when 297 is divided by a.
12
Suppose 27*m - 6375 = -1002. Calculate the remainder when m is divided by 51.
46
Let g = 1509 - 1157. What is the remainder when g is divided by 5?
2
Let h(d) = -10*d - 5. Let n = -408 - -428. What is the remainder when h(-4) is divided by n?
15
Let c = -2702 + 2809. Suppose 2*o + 2*o - 88 = 0. Calculate the remainder when c is divided by o.
19
Let v(z) = -3*z**3 - 3*z**2 - 3*z + 10. Let o(l) = 8*l**3 + 9*l**2 + 9*l - 29. Let f(p) = 4*o(p) + 11*v(p). Calculate the remainder when f(3) is divided by 2.
1
Let r be (25/(-20))/(2/(-88)). Suppose -6*l + r + 53 = 0. What is the remainder when l is divided by 10?
8
Let c(z) = z**3 + 4*z**2 - z - 4. Let r be c(-4). Suppose 4*w = 5*p + 142, -w + 3*w + p - 64 = r. What is the remainder when w is divided by 9?
6
Let m = 66 - 39. Suppose 32*g - 33*g + m = 0. Calculate the remainder when g is divided by 7.
6
Suppose 3*q + 0 = -2*w + 89, -5*q - w = -153. Let p(g) = -g**3 - g + 1. Calculate the remainder when q is divided by p(-2).
9
Suppose -3*g - 4*n + 159 = 0, -n + 0*n - 288 = -5*g. Let a = 5 + g. What is the remainder when a is divided by 22?
18
Suppose -r - 13 = 1. Let g = -12 - r. Suppose 4*y - 8 = -3*h, -g*h = -5*h + y + 13. What is the remainder when 10 is divided by h?
2
Suppose 5*n - 19*i = -23*i + 434, 0 = 5*n - 2*i - 428. Calculate the remainder when n is divided by 15.
11
Let k = 55 - 52. Let q = -11 + 15. What is the remainder when q is divided by k?
1
What is the remainder when ((-48)/(-18))/(-8) - 236/(-6) is divided by 8?
7
Let v be (-11 - -13) + (-11)/(-1). Suppose -3*o = -4*o, -2*o = -i + v. Calculate the remainder when 49 is divided by i.
10
Calculate the remainder when (19386/(-1795))/(1/(-5)*1) is divided by 39.
15
Suppose 11 = -5*i + q + 38, -15 = -5*i - 5*q. What is the remainder when 6 is divided by i/3 + 4/12?
0
Calculate the remainder when 61 is divided by (0 + 1)*(-22 + 41).
4
Suppose 3*b - 267 = 3*y, -2*y + y = 4*b - 336. Suppose -3*z - 2*z + b = 0. Calculate the remainder when 2 - -43 - 20/(-5) is divided by z.
15
Suppose 0 - 12 = -3*n - 2*p, -4*n + 16 = 2*p. Suppose 4*o + o + 122 = 4*x, 0 = -3*o - 2*x - 60. What is the remainder when -1*o/2 + 2 is divided by n?
1
Let a(j) = -j**3 + 3*j**2 - 4*j. Let h be a(3). Let u(q) = q**2 - 6*q + 1. Let k be u(6). What is the remainder when (k + -2)*(-23 + h) is divided by 19?
16
Suppose -2*r = -2*j + 56, 2*j = -4*r + 105 - 31. Suppose 0 = -4*y + 45 + j. Calculate the remainder when 33 is divided by y.
14
Suppose 9*w - 252 = -12*w. Calculate the remainder when 17 is divided by w.
5
Let s = -131 + 134. Suppose 0 = -2*r - 5*z + 61, 100 = s*r - 0*z - z. Calculate the remainder when r is divided by 9.
6
Suppose 0 = 27*i + 773 - 4094. What is the remainder when i is divided by 25?
23
Let l(g) = -2*g**3 + 17*g**2 + 23*g - 30. What is the remainder when l(9) is divided by 6/((-2)/22*-2)?
30
Suppose 0*g = g. Let v(r) = -r**2 - 3*r + 17. Let d be v(-5). Suppose p + 3 - d = g. Calculate the remainder when 9 is divided by p.
1
Let y(g) = g**2 - 5*g - 2. Let j be y(6). Suppose s + 0*s + 10 = 5*w, -4*w + 7 = -s. Calculate the remainder when -1*2/j*-10 is divided by w.
2
Suppose -5*s + 1014 = -3*j, 4*s - 85 = 2*j + 725. Calculate the remainder when s is divided by 35.
26
Suppose -4*y + 16 = -24. Let m = -5 - -8. Suppose 0 = -2*w - m*w + 85. What is the remainder when w is divided by y?
7
Let q(p) = 6*p + 31. Let o(v) = -v + 1. Let k(c) = 3*o(c) - q(c). What is the remainder when 55 is divided by k(-5)?
4
Let b(x) = 3*x**2 + 24*x + 73. What is the remainder when 98 is divided by b(-6)?
24
Let y = -70 - -158. What is the remainder when 174 is divided by y?
86
Suppose 8*c - 6*c - 4*d = 10, 0 = -4*c + 4*d + 20. What is the remainder when 62 is divided by c?
2
Suppose -13*y + 16*y = 54. Suppose 3*a - 2*q = 263, 0 = a - 0*q + q - 86. Calculate the remainder when a is divided by y.
15
Let d = 75 + -129. Let x = 35 + d. Let a = x + 30. Calculate the remainder when 21 is divided by a.
10
Suppose -100 = -d - 3*d. Suppose 0 = -5*x + 5 + d. Suppose -x*q = -q - 115. What is the remainder when q is divided by 13?
10
Let j(i) = -11*i**3 - 2*i**2 - 2*i - 1. Let f(v) = -v**2 + 6*v + 6. Let u be f(7). Let o be j(u). What is the remainder when 70 is divided by 176/o - (-2)/5?
16
Let m(z) = -7*z**3 - 2*z**2 - 3*z - 3. Let r(j) = 2*j + 2. What is the remainder when m(-2) is divided by r(12)?
25
Suppose 2*a - 112 = -2*a. Suppose 142 - a = 2*k. What is the remainder when k is divided by 15?
12
Suppose 2*r - 30 = -4*k, -3*r + 36 = -r + k. Let h = 28 - r. What is the remainder when h is divided by ((-10)/(-6))/((-3)/(-9))?
4
Let c(b) = -6*b + 6. Suppose -3*z + t = -31, -14*z + 7*t - 4*t = -138. Calculate the remainder when c(-6) is divided by z.
6
Let f = 13857 - 13742. Let j(r) = 7*r**2 + 1. What is the remainder when f is divided by j(-2)?
28
Suppose -4*o = -0 - 16. Suppose 3*k - 19 = -5*b + k, -8 = -o*k. Let c(h) = -h**3 + 5*h**2 + 4. What is the remainder when 65 is divided by c(b)?
21
Let x(f) = 2 - 4*f - 4 + 3*f - 4*f. Calculate the remainder when 62 is divided by x(-3).
10
Let h be 3/(-15)*3 + (-144)/10. Let y = 26 + h. What is the remainder when 74 is divided by y?
8
Suppose 4 - 70 = -d. Calculate the remainder when d is divided by 19.
9
Let d = 74 - -19. Suppose d = -n + 230. What is the remainder when n is divided by 28?
25
Let z(l) be the second derivative of -l**3/6 + 13*l**2/2 - l. What is the remainder when ((-10)/(-6))/(555/7659) is divided by z(0)?
10
Let g = 87 - 81. Let c(i) = 2*i - 6. Calculate the remainder when g is divided by c(4).
0
Suppose 0 = 14*g + 5 - 453. Calculate the remainder when g is divided by (-450)/(-40) + 3/(-12).
10
Let i = 536 + -443. Cal